{"id":480,"date":"2026-02-28T12:35:38","date_gmt":"2026-02-28T10:35:38","guid":{"rendered":"https:\/\/locations-kerarzic.fr\/?page_id=480"},"modified":"2026-02-28T13:56:52","modified_gmt":"2026-02-28T11:56:52","slug":"gite","status":"publish","type":"page","link":"http:\/\/locations-kerarzic.fr\/?page_id=480","title":{"rendered":"G\u00eete"},"content":{"rendered":"\t\t<div data-elementor-type=\"wp-page\" data-elementor-id=\"480\" class=\"elementor elementor-480\">\n\t\t\t\t<div class=\"elementor-element elementor-element-10cb801 e-flex e-con-boxed e-con e-parent\" data-id=\"10cb801\" data-element_type=\"container\" data-e-type=\"container\">\n\t\t\t\t\t<div class=\"e-con-inner\">\n\t\t\t\t<div class=\"elementor-element elementor-element-d848792 elementor-arrows-position-outside elementor-widget elementor-widget-image-carousel\" data-id=\"d848792\" data-element_type=\"widget\" data-e-type=\"widget\" data-settings=\"{&quot;slides_to_show&quot;:&quot;1&quot;,&quot;navigation&quot;:&quot;arrows&quot;,&quot;autoplay_speed&quot;:3000,&quot;autoplay&quot;:&quot;yes&quot;,&quot;pause_on_hover&quot;:&quot;yes&quot;,&quot;pause_on_interaction&quot;:&quot;yes&quot;,&quot;infinite&quot;:&quot;yes&quot;,&quot;effect&quot;:&quot;slide&quot;,&quot;speed&quot;:500}\" data-widget_type=\"image-carousel.default\">\n\t\t\t\t\t\t\t<div class=\"elementor-image-carousel-wrapper swiper\" role=\"region\" aria-roledescription=\"carousel\" aria-label=\"Carrousel d\u2019images\" dir=\"ltr\">\n\t\t\t<div class=\"elementor-image-carousel swiper-wrapper\" aria-live=\"off\">\n\t\t\t\t\t\t\t\t<div class=\"swiper-slide\" role=\"group\" aria-roledescription=\"slide\" aria-label=\"Carrousel d\u2019images\"><figure class=\"swiper-slide-inner\"><img decoding=\"async\" class=\"swiper-slide-image\" src=\"http:\/\/locations-kerarzic.fr\/wp-content\/uploads\/2018\/08\/IMGP0282-1-1024x768.jpg\" alt=\"IMGP0282\" \/><\/figure><\/div><div class=\"swiper-slide\" role=\"group\" aria-roledescription=\"slide\" aria-label=\"Carrousel d\u2019images\"><figure class=\"swiper-slide-inner\"><img decoding=\"async\" class=\"swiper-slide-image\" src=\"http:\/\/locations-kerarzic.fr\/wp-content\/uploads\/2018\/08\/IMGP0305-1024x768.jpg\" alt=\"IMGP0305\" \/><\/figure><\/div><div class=\"swiper-slide\" role=\"group\" aria-roledescription=\"slide\" aria-label=\"Carrousel d\u2019images\"><figure class=\"swiper-slide-inner\"><img decoding=\"async\" class=\"swiper-slide-image\" src=\"http:\/\/locations-kerarzic.fr\/wp-content\/uploads\/2018\/08\/IMGP0268-1024x768.jpg\" alt=\"IMGP0268\" \/><\/figure><\/div><div class=\"swiper-slide\" role=\"group\" aria-roledescription=\"slide\" aria-label=\"Carrousel d\u2019images\"><figure class=\"swiper-slide-inner\"><img decoding=\"async\" class=\"swiper-slide-image\" src=\"http:\/\/locations-kerarzic.fr\/wp-content\/uploads\/2018\/05\/IMGP0243-1024x768.jpg\" alt=\"IMGP0243\" \/><\/figure><\/div><div class=\"swiper-slide\" role=\"group\" aria-roledescription=\"slide\" aria-label=\"Carrousel d\u2019images\"><figure class=\"swiper-slide-inner\"><img decoding=\"async\" class=\"swiper-slide-image\" src=\"http:\/\/locations-kerarzic.fr\/wp-content\/uploads\/2018\/05\/IMGP0234-1024x768.jpg\" alt=\"IMGP0234\" \/><\/figure><\/div><div class=\"swiper-slide\" role=\"group\" aria-roledescription=\"slide\" aria-label=\"Carrousel d\u2019images\"><figure class=\"swiper-slide-inner\"><img decoding=\"async\" class=\"swiper-slide-image\" src=\"http:\/\/locations-kerarzic.fr\/wp-content\/uploads\/2018\/05\/IMGP0239-1024x768.jpg\" alt=\"IMGP0239\" \/><\/figure><\/div><div class=\"swiper-slide\" role=\"group\" aria-roledescription=\"slide\" aria-label=\"Carrousel d\u2019images\"><figure class=\"swiper-slide-inner\"><img decoding=\"async\" class=\"swiper-slide-image\" src=\"http:\/\/locations-kerarzic.fr\/wp-content\/uploads\/2012\/07\/IMGP0215-1024x768.jpg\" alt=\"IMGP0215\" \/><\/figure><\/div><div class=\"swiper-slide\" role=\"group\" aria-roledescription=\"slide\" aria-label=\"Carrousel d\u2019images\"><figure class=\"swiper-slide-inner\"><img decoding=\"async\" class=\"swiper-slide-image\" src=\"http:\/\/locations-kerarzic.fr\/wp-content\/uploads\/2017\/03\/received_10154969185767976-1024x768.jpeg\" alt=\"received_10154969185767976\" \/><\/figure><\/div><div class=\"swiper-slide\" role=\"group\" aria-roledescription=\"slide\" aria-label=\"Carrousel d\u2019images\"><figure class=\"swiper-slide-inner\"><img decoding=\"async\" class=\"swiper-slide-image\" src=\"http:\/\/locations-kerarzic.fr\/wp-content\/uploads\/2017\/03\/IMGP0122-1024x768.jpg\" alt=\"IMGP0122\" \/><\/figure><\/div><div class=\"swiper-slide\" role=\"group\" aria-roledescription=\"slide\" aria-label=\"Carrousel d\u2019images\"><figure class=\"swiper-slide-inner\"><img decoding=\"async\" class=\"swiper-slide-image\" src=\"http:\/\/locations-kerarzic.fr\/wp-content\/uploads\/2012\/07\/IMGP0214-1024x768.jpg\" alt=\"IMGP0214\" \/><\/figure><\/div><div class=\"swiper-slide\" role=\"group\" aria-roledescription=\"slide\" aria-label=\"Carrousel d\u2019images\"><figure class=\"swiper-slide-inner\"><img decoding=\"async\" class=\"swiper-slide-image\" src=\"http:\/\/locations-kerarzic.fr\/wp-content\/uploads\/2013\/02\/IMGP1905-1024x768.jpg\" alt=\"IMGP1905\" \/><\/figure><\/div><div class=\"swiper-slide\" role=\"group\" aria-roledescription=\"slide\" aria-label=\"Carrousel d\u2019images\"><figure class=\"swiper-slide-inner\"><img decoding=\"async\" class=\"swiper-slide-image\" src=\"http:\/\/locations-kerarzic.fr\/wp-content\/uploads\/2012\/07\/IMGP0768-1024x768.jpg\" alt=\"IMGP0768\" \/><\/figure><\/div><div class=\"swiper-slide\" role=\"group\" aria-roledescription=\"slide\" aria-label=\"Carrousel d\u2019images\"><figure class=\"swiper-slide-inner\"><img decoding=\"async\" class=\"swiper-slide-image\" src=\"http:\/\/locations-kerarzic.fr\/wp-content\/uploads\/2013\/02\/IMGP0761-1024x768.jpg\" alt=\"IMGP0761\" \/><\/figure><\/div><div class=\"swiper-slide\" role=\"group\" aria-roledescription=\"slide\" aria-label=\"Carrousel d\u2019images\"><figure class=\"swiper-slide-inner\"><img decoding=\"async\" class=\"swiper-slide-image\" src=\"http:\/\/locations-kerarzic.fr\/wp-content\/uploads\/2019\/09\/22G140335-1024x683.jpg\" alt=\"22G140335\" \/><\/figure><\/div><div class=\"swiper-slide\" role=\"group\" aria-roledescription=\"slide\" aria-label=\"Carrousel d\u2019images\"><figure class=\"swiper-slide-inner\"><img decoding=\"async\" class=\"swiper-slide-image\" src=\"http:\/\/locations-kerarzic.fr\/wp-content\/uploads\/2013\/02\/IMGP0973-1024x768.jpg\" alt=\"IMGP0973\" \/><\/figure><\/div><div class=\"swiper-slide\" role=\"group\" aria-roledescription=\"slide\" aria-label=\"Carrousel d\u2019images\"><figure class=\"swiper-slide-inner\"><img decoding=\"async\" class=\"swiper-slide-image\" src=\"http:\/\/locations-kerarzic.fr\/wp-content\/uploads\/2013\/02\/IMGP1894-1024x768.jpg\" alt=\"IMGP1894\" \/><\/figure><\/div><div class=\"swiper-slide\" role=\"group\" aria-roledescription=\"slide\" aria-label=\"Carrousel d\u2019images\"><figure class=\"swiper-slide-inner\"><img decoding=\"async\" class=\"swiper-slide-image\" src=\"http:\/\/locations-kerarzic.fr\/wp-content\/uploads\/2012\/07\/IMGP0774-1024x768.jpg\" alt=\"IMGP0774\" \/><\/figure><\/div><div class=\"swiper-slide\" role=\"group\" aria-roledescription=\"slide\" aria-label=\"Carrousel d\u2019images\"><figure class=\"swiper-slide-inner\"><img decoding=\"async\" class=\"swiper-slide-image\" src=\"http:\/\/locations-kerarzic.fr\/wp-content\/uploads\/2012\/07\/IMGP0710-1024x768.jpg\" alt=\"IMGP0710\" \/><\/figure><\/div><div class=\"swiper-slide\" role=\"group\" aria-roledescription=\"slide\" aria-label=\"Carrousel d\u2019images\"><figure class=\"swiper-slide-inner\"><img decoding=\"async\" class=\"swiper-slide-image\" src=\"http:\/\/locations-kerarzic.fr\/wp-content\/uploads\/2012\/07\/IMGP2368-1024x768.jpg\" alt=\"IMGP2368\" \/><\/figure><\/div><div class=\"swiper-slide\" role=\"group\" aria-roledescription=\"slide\" aria-label=\"Carrousel d\u2019images\"><figure class=\"swiper-slide-inner\"><img decoding=\"async\" class=\"swiper-slide-image\" src=\"http:\/\/locations-kerarzic.fr\/wp-content\/uploads\/2014\/06\/IMGP2360-1024x768.jpg\" alt=\"IMGP2360\" \/><\/figure><\/div><div class=\"swiper-slide\" role=\"group\" aria-roledescription=\"slide\" aria-label=\"Carrousel d\u2019images\"><figure class=\"swiper-slide-inner\"><img decoding=\"async\" class=\"swiper-slide-image\" src=\"http:\/\/locations-kerarzic.fr\/wp-content\/uploads\/2014\/06\/IMGP2361-1024x768.jpg\" alt=\"IMGP2361\" \/><\/figure><\/div><div class=\"swiper-slide\" role=\"group\" aria-roledescription=\"slide\" aria-label=\"Carrousel d\u2019images\"><figure class=\"swiper-slide-inner\"><img decoding=\"async\" class=\"swiper-slide-image\" src=\"http:\/\/locations-kerarzic.fr\/wp-content\/uploads\/2012\/07\/mer-chambre-1024x768.jpg\" alt=\"mer chambre\" \/><\/figure><\/div><div class=\"swiper-slide\" role=\"group\" aria-roledescription=\"slide\" aria-label=\"Carrousel d\u2019images\"><figure class=\"swiper-slide-inner\"><img decoding=\"async\" class=\"swiper-slide-image\" src=\"http:\/\/locations-kerarzic.fr\/wp-content\/uploads\/2014\/06\/IMGP2369-1024x768.jpg\" alt=\"IMGP2369\" \/><\/figure><\/div><div class=\"swiper-slide\" role=\"group\" aria-roledescription=\"slide\" aria-label=\"Carrousel d\u2019images\"><figure class=\"swiper-slide-inner\"><img decoding=\"async\" class=\"swiper-slide-image\" src=\"http:\/\/locations-kerarzic.fr\/wp-content\/uploads\/2012\/07\/mer-gite2-1024x768.jpg\" alt=\"mer gite2\" \/><\/figure><\/div>\t\t\t<\/div>\n\t\t\t\t\t\t\t\t\t\t\t\t<div class=\"elementor-swiper-button elementor-swiper-button-prev\" role=\"button\" tabindex=\"0\">\n\t\t\t\t\t\t<svg aria-hidden=\"true\" class=\"e-font-icon-svg e-eicon-chevron-left\" viewBox=\"0 0 1000 1000\" xmlns=\"http:\/\/www.w3.org\/2000\/svg\"><path d=\"M646 125C629 125 613 133 604 142L308 442C296 454 292 471 292 487 292 504 296 521 308 533L604 854C617 867 629 875 646 875 663 875 679 871 692 858 704 846 713 829 713 812 713 796 708 779 692 767L438 487 692 225C700 217 708 204 708 187 708 171 704 154 692 142 675 129 663 125 646 125Z\"><\/path><\/svg>\t\t\t\t\t<\/div>\n\t\t\t\t\t<div class=\"elementor-swiper-button elementor-swiper-button-next\" role=\"button\" tabindex=\"0\">\n\t\t\t\t\t\t<svg aria-hidden=\"true\" class=\"e-font-icon-svg e-eicon-chevron-right\" viewBox=\"0 0 1000 1000\" xmlns=\"http:\/\/www.w3.org\/2000\/svg\"><path d=\"M696 533C708 521 713 504 713 487 713 471 708 454 696 446L400 146C388 133 375 125 354 125 338 125 325 129 313 142 300 154 292 171 292 187 292 204 296 221 308 233L563 492 304 771C292 783 288 800 288 817 288 833 296 850 308 863 321 871 338 875 354 875 371 875 388 867 400 854L696 533Z\"><\/path><\/svg>\t\t\t\t\t<\/div>\n\t\t\t\t\n\t\t\t\t\t\t\t\t\t<\/div>\n\t\t\t\t\t\t<\/div>\n\t\t\t\t<div class=\"elementor-element elementor-element-1051bc1 elementor-widget elementor-widget-heading\" data-id=\"1051bc1\" data-element_type=\"widget\" data-e-type=\"widget\" data-widget_type=\"heading.default\">\n\t\t\t\t\t<h2 class=\"elementor-heading-title elementor-size-default\">Le g\u00eete<\/h2>\t\t\t\t<\/div>\n\t\t\t\t<div class=\"elementor-element elementor-element-b10e7a7 elementor-widget elementor-widget-image\" data-id=\"b10e7a7\" data-element_type=\"widget\" data-e-type=\"widget\" data-widget_type=\"image.default\">\n\t\t\t\t\t\t\t\t\t\t\t\t\t\t\t<img decoding=\"async\" width=\"150\" height=\"150\" src=\"http:\/\/locations-kerarzic.fr\/wp-content\/uploads\/2026\/02\/Gite-de-france-150x150.png\" class=\"attachment-thumbnail size-thumbnail wp-image-550\" alt=\"\" \/>\t\t\t\t\t\t\t\t\t\t\t\t\t\t\t<\/div>\n\t\t\t\t<div class=\"elementor-element elementor-element-0b9f214 elementor-widget elementor-widget-image\" data-id=\"0b9f214\" data-element_type=\"widget\" data-e-type=\"widget\" data-widget_type=\"image.default\">\n\t\t\t\t\t\t\t\t\t\t\t\t\t\t\t<img fetchpriority=\"high\" decoding=\"async\" width=\"810\" height=\"608\" src=\"http:\/\/locations-kerarzic.fr\/wp-content\/uploads\/2017\/03\/received_10154969185767976-1024x768.jpeg\" class=\"attachment-large size-large wp-image-385\" alt=\"\" srcset=\"http:\/\/locations-kerarzic.fr\/wp-content\/uploads\/2017\/03\/received_10154969185767976-1024x768.jpeg 1024w, http:\/\/locations-kerarzic.fr\/wp-content\/uploads\/2017\/03\/received_10154969185767976-300x225.jpeg 300w, http:\/\/locations-kerarzic.fr\/wp-content\/uploads\/2017\/03\/received_10154969185767976-768x576.jpeg 768w, http:\/\/locations-kerarzic.fr\/wp-content\/uploads\/2017\/03\/received_10154969185767976-960x720.jpeg 960w, http:\/\/locations-kerarzic.fr\/wp-content\/uploads\/2017\/03\/received_10154969185767976.jpeg 1184w\" sizes=\"(max-width: 810px) 100vw, 810px\" \/>\t\t\t\t\t\t\t\t\t\t\t\t\t\t\t<\/div>\n\t\t\t\t<div class=\"elementor-element elementor-element-814e54c elementor-widget elementor-widget-text-editor\" data-id=\"814e54c\" data-element_type=\"widget\" data-e-type=\"widget\" data-widget_type=\"text-editor.default\">\n\t\t\t\t\t\t\t\t\t<p><span style=\"color: #3366ff;\"><strong>Label G\u00eetes de France <span style=\"color: #ff00ff;\">4 \u00e9pis<\/span><\/strong><\/span><\/p><p><span style=\"color: #3366ff;\"><strong>Classement pr\u00e9fectoral <span style=\"color: #ff00ff;\">3 \u00e9toiles<\/span><\/strong><\/span><\/p><p><span style=\"color: #3366ff;\"><strong>Sur la commune de Ploubazlanec<\/strong><\/span><\/p><p><span style=\"color: #3366ff;\"><strong>A proximit\u00e9 du port de Paimpol<\/strong><\/span><\/p><p><span style=\"color: #3366ff;\"><strong>Votre location de vacances \u00e0 500m de la mer<\/strong><\/span><\/p><p><span style=\"color: #3366ff;\"><strong>80m2 de plain-pied et ind\u00e9pendant<\/strong><\/span><\/p><p><span style=\"color: #3366ff;\"><strong>environnement exceptionnellement calme<\/strong><\/span><\/p>\t\t\t\t\t\t\t\t<\/div>\n\t\t\t\t<div class=\"elementor-element elementor-element-8a0eb7c elementor-widget elementor-widget-text-editor\" data-id=\"8a0eb7c\" data-element_type=\"widget\" data-e-type=\"widget\" data-widget_type=\"text-editor.default\">\n\t\t\t\t\t\t\t\t\t<p>Sur la c\u00f4te de Granit Rose, ce g\u00eete agr\u00e9able et lumineux situ\u00e9 dans un quartier r\u00e9sidentiel surplombant la baie de Paimpol, a une situation privil\u00e9gi\u00e9e entre mer et for\u00eat.<\/p><p>Environnement particuli\u00e8rement calme jouxtant le bois de Kerarzic.<\/p><p>Pour 4 personnes, comprend :<\/p><ul><li>s\u00e9jour salon lumineux, expos\u00e9 sud-ouest, ouvrant sur une terrasse de 30m2.<\/li><li>Belle cuisine am\u00e9nag\u00e9e. Jardin de 800m2 arbor\u00e9 et agr\u00e9able avec parking priv\u00e9.<\/li><li>1 chambre avec un lit de 160X200 comprenant une salle d\u2019eau privative avec douche.<\/li><li>1 chambre ( 2 lits 90X200). 1 salle de bain spacieuse ( baignoire).<\/li><li>WC s\u00e9par\u00e9s avec lave mains.<\/li><li>Draps fournis et lits faits \u00e0 votre arriv\u00e9e\/ couettes. Linge de maison, linge de toilette et produits d\u2019entretien fournis.<\/li><li>TV \u00e9cran plat avec port USB. Biblioth\u00e8que, cha\u00eene Hi-Fi avec station d\u2019accueil Iphone.<\/li><li>Internet.<\/li><li>Lit b\u00e9b\u00e9 en toile et chaise haute \u00e0 disposition.<\/li><\/ul><p>Tout est accessible \u00e0 pied: \u00e0 100m des tennis, \u00e0 10 minutes \u00e0 pied du port de Paimpol et des commerces, 1km des plages de la Tossen de kerroc\u2019h et de la piscine Islandia. Sur la route de l\u2019embarcad\u00e8re pour l\u2019\u00eele de Br\u00e9hat et tout pr\u00e8s du GR34 o\u00f9 vous pourrez profiter de splendides ballades.<\/p><p><span style=\"text-decoration: underline;\"><strong>Equipement<\/strong><\/span> :<em> chauffage \u00e9lectrique, lave-linge, s\u00e8che-linge, lave-vaisselle, t\u00e9l\u00e9vision \u00e9cran plat, Internet, cha\u00eene Hi-Fi lecteur CD, tuner FM et station d\u2019accueil Iphone, micro-ondes, robot multifonctions, batteur, mixer plongeant, grille pain, machine \u00e0 caf\u00e9 Philips Senseo, r\u00e9frig\u00e9rateur-cong\u00e9lateur, s\u00e8che-cheveux, draps(couettes), linge de maison et de toilette fournis, biblioth\u00e8que, jeux de soci\u00e9t\u00e9, \u00e9quipement b\u00e9b\u00e9, BBQ, salon de jardin, transats bain de soleil, store ext\u00e9rieur \u00e9lectrique.<\/em><\/p><p>Gare sncf 2 km, piscine Islandia 1 km, golf de Coatguelen 13km, \u00e9quitation \u00e0 Plourivo 5 km, Tennis 100m, plages de la Tossen, de Kerroc\u2019h 800m, commerces \u00e0 Paimpol 1km. A 5mn \u00e0 pied de l\u2019arr\u00eat de bus pour l\u2019embarcad\u00e8re de l\u2019Ile de Br\u00e9hat.<\/p><p>Location non fumeur, animaux non admis<\/p><p><strong>Disponibilit\u00e9s et avis en bas de page<\/strong><\/p>\t\t\t\t\t\t\t\t<\/div>\n\t\t\t\t<div class=\"elementor-element elementor-element-6ae95d1 elementor-widget elementor-widget-text-editor\" data-id=\"6ae95d1\" data-element_type=\"widget\" data-e-type=\"widget\" data-widget_type=\"text-editor.default\">\n\t\t\t\t\t\t\t\t\t<h4><span style=\"color: #ff00ff;\"><strong>Tarifs 2026 tout compris (\u00e0<\/strong><strong> la semaine)<\/strong><\/span><\/h4><ul><li><strong>Basse saison<\/strong> \/ du 10-01 au 06-02 \/ du 07-03 au 03-04 \/ du 26-09 au 16-10 \/ du 31-10 au 18-12 : <strong>510\u20ac<\/strong><\/li><li><strong>Vacances d\u2019hiver<\/strong> \/ du 07-02 au 06-03 : 550\u20ac<\/li><li>Vacances de Printemps \/ du 04-04 au 01-05 : <strong>680\u20ac<\/strong><\/li><li><strong>Moyenne saison<\/strong> \/du 02-05 au 27-06 \/ du 28-08 au 18-09: <strong>650\u20ac<\/strong><\/li><li><strong>Semaine 27<\/strong> \/ du 27-06 au 03-07 : <strong>900\u20ac<\/strong><\/li><li><strong>Semaine 28<\/strong> \/ du 04-07 au 10-07 : <strong>1000\u20ac<\/strong><\/li><li><strong>Semaine 29<\/strong> \/ du 11-07 au 24-07 \/ du 15-08 au 21-08: <strong>1200\u20ac<\/strong><\/li><li><strong>Tr\u00e8s haute saison<\/strong> \/ du 25-07 au 14-08: <strong>1280\u20ac<\/strong><\/li><li><strong>Semaine 35<\/strong> \/ du 22-08 au 28-08 : <strong>1000\u20ac<\/strong><\/li><li><strong>Semaine 39<\/strong> \/ du 19-09 au 25-09 : <strong>600\u20ac<\/strong><\/li><li><strong>Vacances de la Toussaint<\/strong> \/ du 17-10 au 30-10 : <strong>650\u20ac<\/strong><\/li><li><strong>Vacances de No\u00ebl<\/strong> \/ du 19-12 au 01-01 :<strong> 690\u20ac<\/strong><\/li><\/ul>\t\t\t\t\t\t\t\t<\/div>\n\t\t\t\t<div class=\"elementor-element elementor-element-0cb9c02 elementor-widget elementor-widget-text-editor\" data-id=\"0cb9c02\" data-element_type=\"widget\" data-e-type=\"widget\" data-widget_type=\"text-editor.default\">\n\t\t\t\t\t\t\t\t\t<p>Contrats \u00e9tablis en partenariat avec les G\u00eetes de France.<\/p><p>Sur demande :<\/p><ul><li>Possibilit\u00e9 d\u2019arriv\u00e9e et\/ou de d\u00e9part un autre jour que le samedi.<\/li><li>Courts s\u00e9jour \u00e0 partir de 4 nuit\u00e9es.<\/li><\/ul><p>Produits d\u2019entretien, linge de maison, linge de toilette et draps fournis\/ couettes. Lits faits \u00e0 votre arriv\u00e9e.<\/p><p>Le g\u00eete doit \u00eatre rendu propre \u00e0 votre d\u00e9part. Vous pouvez toutefois, pour votre convenance personnelle, et \u00e0 votre demande, d\u00e9roger \u00e0 cette obligation moyennant un forfait m\u00e9nage de 50\u20ac.<\/p>\t\t\t\t\t\t\t\t<\/div>\n\t\t\t\t<div class=\"elementor-element elementor-element-534b765 elementor-widget elementor-widget-text-editor\" data-id=\"534b765\" data-element_type=\"widget\" data-e-type=\"widget\" data-widget_type=\"text-editor.default\">\n\t\t\t\t\t\t\t\t\t<h4><span style=\"color: #ff00ff;\"><strong>Charges et options<\/strong><\/span><\/h4><ul><li>Acompte 25% du prix de la location<\/li><li>Montant de la caution : 300 \u20ac<\/li><li>Chauffage : Inclus dans le prix<\/li><li>Electricit\u00e9 : Inclus dans le prix<\/li><li>Eau : Inclus dans le prix<\/li><li>Taxe de s\u00e9jour non incluse au tarif \/ 1,76\u20ac<\/li><li>Option forfait m\u00e9nage en fin de s\u00e9jour: 50.00 \u20ac pour le s\u00e9jour<\/li><\/ul><p><strong>D\u00e9couvrir les disponibilit\u00e9s du gite ci-dessous:<\/strong><\/p>\t\t\t\t\t\t\t\t<\/div>\n\t\t\t\t<div class=\"elementor-element elementor-element-2b39f8d elementor-widget elementor-widget-html\" data-id=\"2b39f8d\" data-element_type=\"widget\" data-e-type=\"widget\" data-widget_type=\"html.default\">\n\t\t\t\t\t<iframe style=\"overflow: auto; -webkit-overflow-scrolling: touch; border: none;\" src=\"https:\/\/widget.itea.fr\/widget.php?key=x4tt8oaa&amp;numGite=22G140335&amp;widget-itea=dispo\" width=\"100%\" height=\"500\"><\/iframe>\t\t\t\t<\/div>\n\t\t\t\t<div class=\"elementor-element elementor-element-bf4e1be elementor-widget elementor-widget-text-editor\" data-id=\"bf4e1be\" data-element_type=\"widget\" data-e-type=\"widget\" data-widget_type=\"text-editor.default\">\n\t\t\t\t\t\t\t\t\t<h6 style=\"text-align: center;\"><span style=\"color: #ff0000;\"><strong>22G140335<\/strong><\/span><br \/><span style=\"text-decoration: underline;\"><span style=\"color: #ff0000;\"><strong>Adresse du g\u00eete :<\/strong><\/span><\/span><br \/><span style=\"color: #ff0000;\"><strong>G\u00eete \u00ab Les Jardins de Kerarzic \u00bb<\/strong><\/span><br \/><span style=\"color: #ff0000;\"><strong>8A, chemin de traou kerarzic<\/strong><\/span><br \/><span style=\"color: #ff0000;\"><strong>22620 Ploubazlanec<\/strong><\/span><\/h6>\t\t\t\t\t\t\t\t<\/div>\n\t\t\t\t<div class=\"elementor-element elementor-element-d9e581b elementor-widget elementor-widget-text-editor\" data-id=\"d9e581b\" data-element_type=\"widget\" data-e-type=\"widget\" data-widget_type=\"text-editor.default\">\n\t\t\t\t\t\t\t\t\t<h4><span style=\"color: #ff00ff;\"><strong>Commentaires et avis<\/strong><\/span><\/h4>\t\t\t\t\t\t\t\t<\/div>\n\t\t\t\t<div class=\"elementor-element elementor-element-d9e9fea elementor-widget elementor-widget-html\" data-id=\"d9e9fea\" data-element_type=\"widget\" data-e-type=\"widget\" data-widget_type=\"html.default\">\n\t\t\t\t\t<iframe style=\"overflow: auto; -webkit-overflow-scrolling: touch; border: none;\" src=\"https:\/\/widget.itea.fr\/widget.php?key=x4tt8oaa&amp;numGite=22G140335&amp;widget-itea=avis\" width=\"100%\" height=\"500\"><\/iframe>\t\t\t\t<\/div>\n\t\t\t\t\t<\/div>\n\t\t\t\t<\/div>\n\t\t\t\t<\/div>\n\t\t","protected":false},"excerpt":{"rendered":"<p>Le g\u00eete Label G\u00eetes de France 4 \u00e9pis Classement pr\u00e9fectoral 3 \u00e9toiles Sur la commune de Ploubazlanec A proximit\u00e9 du port de Paimpol Votre location de vacances \u00e0 500m de la mer 80m2 de plain-pied et ind\u00e9pendant environnement exceptionnellement calme Sur la c\u00f4te de Granit Rose, ce g\u00eete agr\u00e9able et lumineux situ\u00e9 dans un quartier &#8230; <a title=\"G\u00eete\" class=\"read-more\" href=\"http:\/\/locations-kerarzic.fr\/?page_id=480\" aria-label=\"En savoir plus sur G\u00eete\">Lire la suite<\/a><\/p>\n","protected":false},"author":1,"featured_media":0,"parent":0,"menu_order":0,"comment_status":"closed","ping_status":"closed","template":"elementor_header_footer","meta":{"footnotes":""},"class_list":["post-480","page","type-page","status-publish"],"_links":{"self":[{"href":"http:\/\/locations-kerarzic.fr\/index.php?rest_route=\/wp\/v2\/pages\/480","targetHints":{"allow":["GET"]}}],"collection":[{"href":"http:\/\/locations-kerarzic.fr\/index.php?rest_route=\/wp\/v2\/pages"}],"about":[{"href":"http:\/\/locations-kerarzic.fr\/index.php?rest_route=\/wp\/v2\/types\/page"}],"author":[{"embeddable":true,"href":"http:\/\/locations-kerarzic.fr\/index.php?rest_route=\/wp\/v2\/users\/1"}],"replies":[{"embeddable":true,"href":"http:\/\/locations-kerarzic.fr\/index.php?rest_route=%2Fwp%2Fv2%2Fcomments&post=480"}],"version-history":[{"count":43,"href":"http:\/\/locations-kerarzic.fr\/index.php?rest_route=\/wp\/v2\/pages\/480\/revisions"}],"predecessor-version":[{"id":574,"href":"http:\/\/locations-kerarzic.fr\/index.php?rest_route=\/wp\/v2\/pages\/480\/revisions\/574"}],"wp:attachment":[{"href":"http:\/\/locations-kerarzic.fr\/index.php?rest_route=%2Fwp%2Fv2%2Fmedia&parent=480"}],"curies":[{"name":"wp","href":"https:\/\/api.w.org\/{rel}","templated":true}]}}